{"id":149,"date":"2012-04-02T17:08:16","date_gmt":"2012-04-02T17:08:16","guid":{"rendered":"http:\/\/hallmannschneider.wordpress.com\/?page_id=2"},"modified":"2021-03-08T10:41:19","modified_gmt":"2021-03-08T10:41:19","slug":"buro","status":"publish","type":"page","link":"https:\/\/www.hallmann-schneider.de\/web\/buro","title":{"rendered":"H &#038; S B\u00fcroprofil"},"content":{"rendered":"<p><span style=\"color: #94ba3c;\">B\u00fcro Heidelberg<\/span><br \/>\nSofienstra\u00dfe 7b<br \/>\n69115 Heidelberg<br \/>\nTel. 06221\/167923<\/p>\n<p><span style=\"color: #94ba3c;\">B\u00fcro Weinheim<\/span><br \/>\nIm Wiesental 15\/2<br \/>\n69469 Weinheim<br \/>\nTel. 06201\/3899354<\/p>\n<p>Fax 06201\/7049238<\/p>\n<p>architekten(at)hallmann-schneider.de<br \/>\nwww.hallmann-schneider.de<\/p>\n<p>Gerne senden wir Ihnen auf Anfrage eine aktuelle Referenzliste zu.<\/p>\n<p>T\u00e4tigkeitsbereiche:<\/p>\n<p><span style=\"color: #94ba3c;\">| N e u e s W o h n e n<\/span><br \/>\n<span style=\"color: #94ba3c;\"> | W o h n e n : U m b a u \/ S a n i e r u n g \/ E r w e i t e r u n g<\/span><br \/>\n<span style=\"color: #94ba3c;\"> | S c h u l b a u \/ \u00d6 f f e n t l i c h e B a u t e n \/ G e w e r b e<\/span><br \/>\n<span style=\"color: #94ba3c;\"> | I n n e n a r c h i t e k t u r<\/span><br \/>\n<span style=\"color: #94ba3c;\"> | L a n d s c h a f t s a r c h i t e k t u r \/ G \u00e4 r t e n \/ P o o l s<\/span><br \/>\n<span style=\"color: #94ba3c;\"> | W e t t b e w e r b e \/ G u t a c h t e n \/ S t \u00e4 d t e b a u<\/span><\/p>\n<p><img loading=\"lazy\" decoding=\"async\" data-attachment-id=\"1887\" data-permalink=\"https:\/\/www.hallmann-schneider.de\/web\/buro\/martin_sw-2\" data-orig-file=\"https:\/\/www.hallmann-schneider.de\/web\/wp-content\/uploads\/2012\/04\/martin_sw.jpg\" data-orig-size=\"300,328\" data-comments-opened=\"0\" data-image-meta=\"{&quot;aperture&quot;:&quot;4.5&quot;,&quot;credit&quot;:&quot;&quot;,&quot;camera&quot;:&quot;Canon DIGITAL IXUS 400&quot;,&quot;caption&quot;:&quot;&quot;,&quot;created_timestamp&quot;:&quot;1118853216&quot;,&quot;copyright&quot;:&quot;&quot;,&quot;focal_length&quot;:&quot;18.34375&quot;,&quot;iso&quot;:&quot;0&quot;,&quot;shutter_speed&quot;:&quot;0.002&quot;,&quot;title&quot;:&quot;&quot;,&quot;orientation&quot;:&quot;1&quot;}\" data-image-title=\"martin_sw\" data-image-description=\"\" data-image-caption=\"\" data-medium-file=\"https:\/\/www.hallmann-schneider.de\/web\/wp-content\/uploads\/2012\/04\/martin_sw-274x300.jpg\" data-large-file=\"https:\/\/www.hallmann-schneider.de\/web\/wp-content\/uploads\/2012\/04\/martin_sw.jpg\" class=\"alignleft wp-image-1887 size-thumbnail\" title=\"martin_sw\" src=\"https:\/\/www.hallmann-schneider.de\/web\/wp-content\/uploads\/2012\/04\/martin_sw-150x150.jpg\" alt=\"\" width=\"150\" height=\"150\" \/><\/p>\n<p><span style=\"color: #94ba3c;\">M a r t i n\u00a0\u00a0 H a l l m a n n<\/span><br \/>\n<span style=\"color: #94ba3c;\"> D i p l o m I n g e n i e u r\u00a0 |\u00a0 F r e i e r A r c h i t e k t<\/span><br \/>\nDiplom 1987<br \/>\n1986 &#8211; 1990 Freie Mitarbeit B\u00fcro Borkowski &amp; Burger HD<br \/>\n1990 Gr\u00fcndung Architekturb\u00fcro Hallmann &amp; Schneider<\/p>\n<p>&nbsp;<\/p>\n<p><img loading=\"lazy\" decoding=\"async\" data-attachment-id=\"1888\" data-permalink=\"https:\/\/www.hallmann-schneider.de\/web\/buro\/guenther_sw\" data-orig-file=\"https:\/\/www.hallmann-schneider.de\/web\/wp-content\/uploads\/2012\/04\/G\u00fcnther_sw.jpg\" data-orig-size=\"492,466\" data-comments-opened=\"0\" data-image-meta=\"{&quot;aperture&quot;:&quot;0&quot;,&quot;credit&quot;:&quot;&quot;,&quot;camera&quot;:&quot;&quot;,&quot;caption&quot;:&quot;&quot;,&quot;created_timestamp&quot;:&quot;0&quot;,&quot;copyright&quot;:&quot;&quot;,&quot;focal_length&quot;:&quot;0&quot;,&quot;iso&quot;:&quot;0&quot;,&quot;shutter_speed&quot;:&quot;0&quot;,&quot;title&quot;:&quot;&quot;,&quot;orientation&quot;:&quot;1&quot;}\" data-image-title=\"G\u00fcnther_sw\" data-image-description=\"\" data-image-caption=\"\" data-medium-file=\"https:\/\/www.hallmann-schneider.de\/web\/wp-content\/uploads\/2012\/04\/G\u00fcnther_sw-300x284.jpg\" data-large-file=\"https:\/\/www.hallmann-schneider.de\/web\/wp-content\/uploads\/2012\/04\/G\u00fcnther_sw.jpg\" class=\"alignleft wp-image-1888 size-thumbnail\" title=\"G\u00fcnther_sw\" src=\"https:\/\/www.hallmann-schneider.de\/web\/wp-content\/uploads\/2012\/04\/G\u00fcnther_sw-150x150.jpg\" alt=\"\" width=\"150\" height=\"150\" \/><\/p>\n<p><span style=\"color: #94ba3c;\">G \u00fc n t h e r\u00a0\u00a0 S c h n e i d e r<\/span><br \/>\n<span style=\"color: #94ba3c;\"> D i p l o m I n g e n i e u r\u00a0 |\u00a0 F r e i e r A r c h i t e k t<\/span><br \/>\nDiplom 1983<br \/>\n1984 &#8211; 1990 Freie Mitarbeit B\u00fcro Borkowski &amp; Burger HD<br \/>\n1990 Gr\u00fcndung Architekturb\u00fcro Hallmann &amp; Schneider<br \/>\nSachverst\u00e4ndiger f\u00fcr Sch\u00e4den an Geb\u00e4uden (Architektenkammer BW)<\/p>\n<p>M i t a r b e i t e r<\/p>\n<p><img loading=\"lazy\" decoding=\"async\" data-attachment-id=\"1889\" data-permalink=\"https:\/\/www.hallmann-schneider.de\/web\/buro\/nilsw\" data-orig-file=\"https:\/\/www.hallmann-schneider.de\/web\/wp-content\/uploads\/2012\/04\/Nilsw.jpg\" data-orig-size=\"1138,1411\" data-comments-opened=\"0\" data-image-meta=\"{&quot;aperture&quot;:&quot;4.9&quot;,&quot;credit&quot;:&quot;&quot;,&quot;camera&quot;:&quot;Canon DIGITAL IXUS 80 IS&quot;,&quot;caption&quot;:&quot;&quot;,&quot;created_timestamp&quot;:&quot;1262307998&quot;,&quot;copyright&quot;:&quot;&quot;,&quot;focal_length&quot;:&quot;18.6&quot;,&quot;iso&quot;:&quot;250&quot;,&quot;shutter_speed&quot;:&quot;0.016666666666667&quot;,&quot;title&quot;:&quot;&quot;,&quot;orientation&quot;:&quot;1&quot;}\" data-image-title=\"Nilsw\" data-image-description=\"\" data-image-caption=\"\" data-medium-file=\"https:\/\/www.hallmann-schneider.de\/web\/wp-content\/uploads\/2012\/04\/Nilsw-242x300.jpg\" data-large-file=\"https:\/\/www.hallmann-schneider.de\/web\/wp-content\/uploads\/2012\/04\/Nilsw-826x1024.jpg\" class=\"alignleft size-thumbnail wp-image-1889\" src=\"https:\/\/www.hallmann-schneider.de\/web\/wp-content\/uploads\/2012\/04\/Nilsw-150x150.jpg\" alt=\"\" width=\"150\" height=\"150\" \/><span style=\"color: #99cc00;\">N i l ( N e s l i h a n ) A t a s<\/span><br \/>\n<span style=\"color: #99cc00;\">D i p l o m\u00a0\u00a0 I n g e n i e u r i n\u00a0 |\u00a0 A r c h i t e k t u r<\/span><\/p>\n<p>&nbsp;<\/p>\n<p>&nbsp;<\/p>\n<p>&nbsp;<\/p>\n<p><img loading=\"lazy\" decoding=\"async\" data-attachment-id=\"1895\" data-permalink=\"https:\/\/www.hallmann-schneider.de\/web\/buro\/dagmarsw-2\" data-orig-file=\"https:\/\/www.hallmann-schneider.de\/web\/wp-content\/uploads\/2012\/04\/dagmarsw-1.jpg\" data-orig-size=\"712,893\" data-comments-opened=\"0\" data-image-meta=\"{&quot;aperture&quot;:&quot;0&quot;,&quot;credit&quot;:&quot;Fotostudio Fischer Weinheim&quot;,&quot;camera&quot;:&quot;&quot;,&quot;caption&quot;:&quot;fotostudio-fischer-weinheim, fotograf, hochzeitsfotograf, #fotostudiofischer, weinheim, mannheim, heidelberg,&quot;,&quot;created_timestamp&quot;:&quot;1457005148&quot;,&quot;copyright&quot;:&quot;Dieses Foto ist urbeberrechtlich und durch Copyright gesch\\u00fctzt. Druck, Ver\\u00f6ffentlcihung oder Vervielf\\u00e4ltigung in jedweder For&quot;,&quot;focal_length&quot;:&quot;0&quot;,&quot;iso&quot;:&quot;0&quot;,&quot;shutter_speed&quot;:&quot;0&quot;,&quot;title&quot;:&quot;&quot;,&quot;orientation&quot;:&quot;1&quot;}\" data-image-title=\"dagmarsw\" data-image-description=\"\" data-image-caption=\"&lt;p&gt;fotostudio-fischer-weinheim, fotograf, hochzeitsfotograf, #fotostudiofischer, weinheim, mannheim, heidelberg,&lt;\/p&gt;\n\" data-medium-file=\"https:\/\/www.hallmann-schneider.de\/web\/wp-content\/uploads\/2012\/04\/dagmarsw-1-239x300.jpg\" data-large-file=\"https:\/\/www.hallmann-schneider.de\/web\/wp-content\/uploads\/2012\/04\/dagmarsw-1.jpg\" class=\"size-thumbnail wp-image-1895 alignleft\" src=\"https:\/\/www.hallmann-schneider.de\/web\/wp-content\/uploads\/2012\/04\/dagmarsw-1-150x150.jpg\" alt=\"\" width=\"150\" height=\"150\" \/><\/p>\n<p><span style=\"color: #99cc00;\">D a g m a r\u00a0 F o r n o f f<\/span><br \/>\n<span style=\"color: #99cc00;\">D i p l o m\u00a0 D e s i g n e r i n<\/span><\/p>\n<p>&nbsp;<\/p>\n<p>&nbsp;<\/p>\n<p>&nbsp;<\/p>\n<p>Kooperation<\/p>\n<p><span style=\"color: #94ba3c;\">R a f a e l\u00a0\u00a0 K o n a r s k i<\/span><br \/>\n<span style=\"color: #94ba3c;\"> D i p l o m I n g e n i e u r\u00a0 |\u00a0 F r e i e r A r c h i t e k t<\/span><br \/>\nGeb\u00e4udeenergieberater (HWK)<br \/>\nZertifizierter Passivhausplaner<\/p>\n<p><span style=\"color: #8ca117;\">\u00a0<\/span><\/p>\n<p><span style=\"color: #8ca117;\">\u00a0<\/span><\/p>\n<p>&nbsp;<\/p>\n<p><strong>Impressum<\/strong><\/p>\n<p>Hallmann &amp; Schneider<br \/>\nFreie Architekten I Diplom-Ingenieure<br \/>\nSofienstra\u00dfe 7b<br \/>\n69117 Heidelberg<\/p>\n<p>Telefon 06221\/167923<br \/>\nTelefax 06221\/160630<br \/>\nEmail architekten(at)hallman-schneider.de<\/p>\n<p>Inhaltlich verantwortlich gem. TMG und MDStV: Martin Hallmann &amp; G\u00fcnther Schneider<\/p>\n<p>Mitglieder der\u00a0Architektenkammer\u00a0Baden-W\u00fcrttemberg<\/p>\n<p>Haftungshinweis<br \/>\nTrotz sorgf\u00e4ltiger Kontrolle \u00fcbernehmen wir keine Haftung f\u00fcr die Inhalte externer Links.<br \/>\nF\u00fcr den Inhalt der verlinkten Seiten sind ausschlie\u00dflich deren Betreiber verantwortlich.<br \/>\n\u00a9 Fotos: Hallmann &amp; Schneider Architekten<\/p>\n<p><span style=\"color: #b4b400;\">\u00a0<\/span><\/p>\n","protected":false},"excerpt":{"rendered":"<p>B\u00fcro Heidelberg Sofienstra\u00dfe 7b 69115 Heidelberg Tel. 06221\/167923 B\u00fcro Weinheim Im Wiesental 15\/2 69469 Weinheim Tel. 06201\/3899354 Fax 06201\/7049238 architekten(at)hallmann-schneider.de www.hallmann-schneider.de Gerne senden wir Ihnen auf Anfrage eine aktuelle Referenzliste zu. T\u00e4tigkeitsbereiche: | N e u e s W o &hellip; <a href=\"https:\/\/www.hallmann-schneider.de\/web\/buro\">Weiterlesen <span class=\"meta-nav\">&rarr;<\/span><\/a><\/p>\n","protected":false},"author":1,"featured_media":0,"parent":0,"menu_order":0,"comment_status":"open","ping_status":"open","template":"","meta":{"jetpack_post_was_ever_published":false,"footnotes":""},"class_list":["post-149","page","type-page","status-publish","hentry"],"yoast_head":"<!-- This site is optimized with the Yoast SEO plugin v26.8 - https:\/\/yoast.com\/product\/yoast-seo-wordpress\/ -->\n<title>H &amp; S B\u00fcroprofil - HALLMANN &amp; SCHNEIDER<\/title>\n<meta name=\"robots\" content=\"index, follow, max-snippet:-1, max-image-preview:large, max-video-preview:-1\" \/>\n<link rel=\"canonical\" href=\"https:\/\/www.hallmann-schneider.de\/web\/buro\" \/>\n<meta name=\"twitter:card\" content=\"summary_large_image\" \/>\n<meta name=\"twitter:title\" content=\"H &amp; S B\u00fcroprofil - HALLMANN &amp; SCHNEIDER\" \/>\n<meta name=\"twitter:description\" content=\"B\u00fcro Heidelberg Sofienstra\u00dfe 7b 69115 Heidelberg Tel. 06221\/167923 B\u00fcro Weinheim Im Wiesental 15\/2 69469 Weinheim Tel. 06201\/3899354 Fax 06201\/7049238 architekten(at)hallmann-schneider.de www.hallmann-schneider.de Gerne senden wir Ihnen auf Anfrage eine aktuelle Referenzliste zu. T\u00e4tigkeitsbereiche: | N e u e s W o &hellip; Weiterlesen &rarr;\" \/>\n<meta name=\"twitter:image\" content=\"http:\/\/www.hallmann-schneider.de\/web\/wp-content\/uploads\/2012\/04\/martin_sw-150x150.jpg\" \/>\n<meta name=\"twitter:label1\" content=\"Gesch\u00e4tzte Lesezeit\" \/>\n\t<meta name=\"twitter:data1\" content=\"4\u00a0Minuten\" \/>\n<script type=\"application\/ld+json\" class=\"yoast-schema-graph\">{\"@context\":\"https:\/\/schema.org\",\"@graph\":[{\"@type\":\"WebPage\",\"@id\":\"https:\/\/www.hallmann-schneider.de\/web\/buro\",\"url\":\"https:\/\/www.hallmann-schneider.de\/web\/buro\",\"name\":\"H & S B\u00fcroprofil - HALLMANN &amp; SCHNEIDER\",\"isPartOf\":{\"@id\":\"https:\/\/www.hallmann-schneider.de\/web\/#website\"},\"primaryImageOfPage\":{\"@id\":\"https:\/\/www.hallmann-schneider.de\/web\/buro#primaryimage\"},\"image\":{\"@id\":\"https:\/\/www.hallmann-schneider.de\/web\/buro#primaryimage\"},\"thumbnailUrl\":\"http:\/\/www.hallmann-schneider.de\/web\/wp-content\/uploads\/2012\/04\/martin_sw-150x150.jpg\",\"datePublished\":\"2012-04-02T17:08:16+00:00\",\"dateModified\":\"2021-03-08T10:41:19+00:00\",\"breadcrumb\":{\"@id\":\"https:\/\/www.hallmann-schneider.de\/web\/buro#breadcrumb\"},\"inLanguage\":\"de\",\"potentialAction\":[{\"@type\":\"ReadAction\",\"target\":[\"https:\/\/www.hallmann-schneider.de\/web\/buro\"]}]},{\"@type\":\"ImageObject\",\"inLanguage\":\"de\",\"@id\":\"https:\/\/www.hallmann-schneider.de\/web\/buro#primaryimage\",\"url\":\"http:\/\/www.hallmann-schneider.de\/web\/wp-content\/uploads\/2012\/04\/martin_sw-150x150.jpg\",\"contentUrl\":\"http:\/\/www.hallmann-schneider.de\/web\/wp-content\/uploads\/2012\/04\/martin_sw-150x150.jpg\"},{\"@type\":\"BreadcrumbList\",\"@id\":\"https:\/\/www.hallmann-schneider.de\/web\/buro#breadcrumb\",\"itemListElement\":[{\"@type\":\"ListItem\",\"position\":1,\"name\":\"Home\",\"item\":\"https:\/\/www.hallmann-schneider.de\/web\"},{\"@type\":\"ListItem\",\"position\":2,\"name\":\"H &#038; S B\u00fcroprofil\"}]},{\"@type\":\"WebSite\",\"@id\":\"https:\/\/www.hallmann-schneider.de\/web\/#website\",\"url\":\"https:\/\/www.hallmann-schneider.de\/web\/\",\"name\":\"HALLMANN &amp; SCHNEIDER\",\"description\":\"FREIE ARCHITEKTEN I DIPLOM INGENIEURE I HEIDELBERG I WEINHEIM\",\"potentialAction\":[{\"@type\":\"SearchAction\",\"target\":{\"@type\":\"EntryPoint\",\"urlTemplate\":\"https:\/\/www.hallmann-schneider.de\/web\/?s={search_term_string}\"},\"query-input\":{\"@type\":\"PropertyValueSpecification\",\"valueRequired\":true,\"valueName\":\"search_term_string\"}}],\"inLanguage\":\"de\"}]}<\/script>\n<!-- \/ Yoast SEO plugin. -->","yoast_head_json":{"title":"H & S B\u00fcroprofil - HALLMANN &amp; SCHNEIDER","robots":{"index":"index","follow":"follow","max-snippet":"max-snippet:-1","max-image-preview":"max-image-preview:large","max-video-preview":"max-video-preview:-1"},"canonical":"https:\/\/www.hallmann-schneider.de\/web\/buro","twitter_card":"summary_large_image","twitter_title":"H & S B\u00fcroprofil - HALLMANN &amp; SCHNEIDER","twitter_description":"B\u00fcro Heidelberg Sofienstra\u00dfe 7b 69115 Heidelberg Tel. 06221\/167923 B\u00fcro Weinheim Im Wiesental 15\/2 69469 Weinheim Tel. 06201\/3899354 Fax 06201\/7049238 architekten(at)hallmann-schneider.de www.hallmann-schneider.de Gerne senden wir Ihnen auf Anfrage eine aktuelle Referenzliste zu. T\u00e4tigkeitsbereiche: | N e u e s W o &hellip; Weiterlesen &rarr;","twitter_image":"http:\/\/www.hallmann-schneider.de\/web\/wp-content\/uploads\/2012\/04\/martin_sw-150x150.jpg","twitter_misc":{"Gesch\u00e4tzte Lesezeit":"4\u00a0Minuten"},"schema":{"@context":"https:\/\/schema.org","@graph":[{"@type":"WebPage","@id":"https:\/\/www.hallmann-schneider.de\/web\/buro","url":"https:\/\/www.hallmann-schneider.de\/web\/buro","name":"H & S B\u00fcroprofil - HALLMANN &amp; SCHNEIDER","isPartOf":{"@id":"https:\/\/www.hallmann-schneider.de\/web\/#website"},"primaryImageOfPage":{"@id":"https:\/\/www.hallmann-schneider.de\/web\/buro#primaryimage"},"image":{"@id":"https:\/\/www.hallmann-schneider.de\/web\/buro#primaryimage"},"thumbnailUrl":"http:\/\/www.hallmann-schneider.de\/web\/wp-content\/uploads\/2012\/04\/martin_sw-150x150.jpg","datePublished":"2012-04-02T17:08:16+00:00","dateModified":"2021-03-08T10:41:19+00:00","breadcrumb":{"@id":"https:\/\/www.hallmann-schneider.de\/web\/buro#breadcrumb"},"inLanguage":"de","potentialAction":[{"@type":"ReadAction","target":["https:\/\/www.hallmann-schneider.de\/web\/buro"]}]},{"@type":"ImageObject","inLanguage":"de","@id":"https:\/\/www.hallmann-schneider.de\/web\/buro#primaryimage","url":"http:\/\/www.hallmann-schneider.de\/web\/wp-content\/uploads\/2012\/04\/martin_sw-150x150.jpg","contentUrl":"http:\/\/www.hallmann-schneider.de\/web\/wp-content\/uploads\/2012\/04\/martin_sw-150x150.jpg"},{"@type":"BreadcrumbList","@id":"https:\/\/www.hallmann-schneider.de\/web\/buro#breadcrumb","itemListElement":[{"@type":"ListItem","position":1,"name":"Home","item":"https:\/\/www.hallmann-schneider.de\/web"},{"@type":"ListItem","position":2,"name":"H &#038; S B\u00fcroprofil"}]},{"@type":"WebSite","@id":"https:\/\/www.hallmann-schneider.de\/web\/#website","url":"https:\/\/www.hallmann-schneider.de\/web\/","name":"HALLMANN &amp; SCHNEIDER","description":"FREIE ARCHITEKTEN I DIPLOM INGENIEURE I HEIDELBERG I WEINHEIM","potentialAction":[{"@type":"SearchAction","target":{"@type":"EntryPoint","urlTemplate":"https:\/\/www.hallmann-schneider.de\/web\/?s={search_term_string}"},"query-input":{"@type":"PropertyValueSpecification","valueRequired":true,"valueName":"search_term_string"}}],"inLanguage":"de"}]}},"jetpack_sharing_enabled":true,"jetpack_shortlink":"https:\/\/wp.me\/P2ogra-2p","_links":{"self":[{"href":"https:\/\/www.hallmann-schneider.de\/web\/wp-json\/wp\/v2\/pages\/149","targetHints":{"allow":["GET"]}}],"collection":[{"href":"https:\/\/www.hallmann-schneider.de\/web\/wp-json\/wp\/v2\/pages"}],"about":[{"href":"https:\/\/www.hallmann-schneider.de\/web\/wp-json\/wp\/v2\/types\/page"}],"author":[{"embeddable":true,"href":"https:\/\/www.hallmann-schneider.de\/web\/wp-json\/wp\/v2\/users\/1"}],"replies":[{"embeddable":true,"href":"https:\/\/www.hallmann-schneider.de\/web\/wp-json\/wp\/v2\/comments?post=149"}],"version-history":[{"count":39,"href":"https:\/\/www.hallmann-schneider.de\/web\/wp-json\/wp\/v2\/pages\/149\/revisions"}],"predecessor-version":[{"id":2148,"href":"https:\/\/www.hallmann-schneider.de\/web\/wp-json\/wp\/v2\/pages\/149\/revisions\/2148"}],"wp:attachment":[{"href":"https:\/\/www.hallmann-schneider.de\/web\/wp-json\/wp\/v2\/media?parent=149"}],"curies":[{"name":"wp","href":"https:\/\/api.w.org\/{rel}","templated":true}]}}