{"id":335,"date":"2012-04-29T20:42:51","date_gmt":"2012-04-29T20:42:51","guid":{"rendered":"http:\/\/www.hallmann-schneider.de\/web\/?page_id=335"},"modified":"2012-10-07T20:31:19","modified_gmt":"2012-10-07T20:31:19","slug":"kontakt","status":"publish","type":"page","link":"https:\/\/www.hallmann-schneider.de\/web\/kontakt","title":{"rendered":"Kontakt"},"content":{"rendered":"<p><span style=\"color: #cccc00;\">B\u00fcro Heidelberg<\/span><br \/>\n<span style=\"color: #ffffff;\">Sofienstra\u00dfe 7b<\/span><br \/>\n<span style=\"color: #ffffff;\"> 69115 Heidelberg<\/span><br \/>\n<span style=\"color: #ffffff;\"> Tel. 06221\/167923<\/span><\/p>\n<p><span style=\"color: #cccc00;\">B\u00fcro Weinheim<\/span><br \/>\n<span style=\"color: #ffffff;\">Im Wiesental 15\/2<\/span><br \/>\n<span style=\"color: #ffffff;\"> 69469 Weinheim<\/span><br \/>\n<span style=\"color: #ffffff;\"> Tel. 06201\/3899354<\/span><\/p>\n<p><span style=\"color: #cccc00;\">architekten@hallmann-schneider.de<\/span><br \/>\n<span style=\"color: #cccc00;\">www.hallmann-schneider.de<\/span><\/p>\n<p><iframe loading=\"lazy\" src=\"http:\/\/maps.google.de\/maps?f=q&amp;source=s_q&amp;hl=de&amp;geocode=&amp;q=Sofienstra%C3%9Fe+7b,+Heidelberg&amp;aq=&amp;sll=49.409449,8.693776&amp;sspn=0.007469,0.021136&amp;ie=UTF8&amp;hq=&amp;hnear=Sofienstra%C3%9Fe+7B,+69115+Heidelberg,+Karlsruhe,+Baden-W%C3%BCrttemberg&amp;ll=49.409451,8.693769&amp;spn=0.007469,0.021136&amp;t=m&amp;z=14&amp;output=embed\" frameborder=\"0\" marginwidth=\"0\" marginheight=\"0\" scrolling=\"no\" width=\"425\" height=\"350\"><\/iframe><br \/>\n<small><a style=\"color: #0000ff; text-align: left;\" href=\"http:\/\/maps.google.de\/maps?f=q&amp;source=embed&amp;hl=de&amp;geocode=&amp;q=Sofienstra%C3%9Fe+7b,+Heidelberg&amp;aq=&amp;sll=49.409449,8.693776&amp;sspn=0.007469,0.021136&amp;ie=UTF8&amp;hq=&amp;hnear=Sofienstra%C3%9Fe+7B,+69115+Heidelberg,+Karlsruhe,+Baden-W%C3%BCrttemberg&amp;ll=49.409451,8.693769&amp;spn=0.007469,0.021136&amp;t=m&amp;z=14\">Gr\u00f6\u00dfere Kartenansicht<\/a><\/small><\/p>\n<p><iframe loading=\"lazy\" src=\"http:\/\/maps.google.de\/maps?f=q&amp;source=s_q&amp;hl=de&amp;geocode=&amp;q=Im+Wiesental+15%2F2,+69469+Weinheim&amp;aq=&amp;sll=49.50783,8.69275&amp;sspn=0.007454,0.021136&amp;ie=UTF8&amp;hq=&amp;hnear=Im+Wiesental+15,+69469+Weinheim,+Karlsruhe,+Baden-W%C3%BCrttemberg&amp;t=m&amp;z=14&amp;iwloc=A&amp;ll=49.50783,8.69275&amp;output=embed\" frameborder=\"0\" marginwidth=\"0\" marginheight=\"0\" scrolling=\"no\" width=\"425\" height=\"350\"><\/iframe><br \/>\n<small><a style=\"color: #0000ff; text-align: left;\" href=\"http:\/\/maps.google.de\/maps?f=q&amp;source=embed&amp;hl=de&amp;geocode=&amp;q=Im+Wiesental+15%2F2,+69469+Weinheim&amp;aq=&amp;sll=49.50783,8.69275&amp;sspn=0.007454,0.021136&amp;ie=UTF8&amp;hq=&amp;hnear=Im+Wiesental+15,+69469+Weinheim,+Karlsruhe,+Baden-W%C3%BCrttemberg&amp;t=m&amp;z=14&amp;iwloc=A&amp;ll=49.50783,8.69275\">Gr\u00f6\u00dfere Kartenansicht<\/a><\/small><\/p>\n","protected":false},"excerpt":{"rendered":"<p>B\u00fcro Heidelberg Sofienstra\u00dfe 7b 69115 Heidelberg Tel. 06221\/167923 B\u00fcro Weinheim Im Wiesental 15\/2 69469 Weinheim Tel. 06201\/3899354 architekten@hallmann-schneider.de www.hallmann-schneider.de Gr\u00f6\u00dfere Kartenansicht Gr\u00f6\u00dfere Kartenansicht<\/p>\n","protected":false},"author":1,"featured_media":0,"parent":0,"menu_order":0,"comment_status":"open","ping_status":"open","template":"","meta":{"jetpack_post_was_ever_published":false,"footnotes":""},"class_list":["post-335","page","type-page","status-publish","hentry"],"yoast_head":"<!-- This site is optimized with the Yoast SEO plugin v26.8 - https:\/\/yoast.com\/product\/yoast-seo-wordpress\/ -->\n<title>Kontakt - HALLMANN &amp; SCHNEIDER<\/title>\n<meta name=\"robots\" content=\"index, follow, max-snippet:-1, max-image-preview:large, max-video-preview:-1\" \/>\n<link rel=\"canonical\" href=\"https:\/\/www.hallmann-schneider.de\/web\/kontakt\" \/>\n<meta name=\"twitter:card\" content=\"summary_large_image\" \/>\n<meta name=\"twitter:title\" content=\"Kontakt - HALLMANN &amp; SCHNEIDER\" \/>\n<meta name=\"twitter:description\" content=\"B\u00fcro Heidelberg Sofienstra\u00dfe 7b 69115 Heidelberg Tel. 06221\/167923 B\u00fcro Weinheim Im Wiesental 15\/2 69469 Weinheim Tel. 06201\/3899354 architekten@hallmann-schneider.de www.hallmann-schneider.de Gr\u00f6\u00dfere Kartenansicht Gr\u00f6\u00dfere Kartenansicht\" \/>\n<script type=\"application\/ld+json\" class=\"yoast-schema-graph\">{\"@context\":\"https:\/\/schema.org\",\"@graph\":[{\"@type\":\"WebPage\",\"@id\":\"https:\/\/www.hallmann-schneider.de\/web\/kontakt\",\"url\":\"https:\/\/www.hallmann-schneider.de\/web\/kontakt\",\"name\":\"Kontakt - HALLMANN &amp; SCHNEIDER\",\"isPartOf\":{\"@id\":\"https:\/\/www.hallmann-schneider.de\/web\/#website\"},\"datePublished\":\"2012-04-29T20:42:51+00:00\",\"dateModified\":\"2012-10-07T20:31:19+00:00\",\"breadcrumb\":{\"@id\":\"https:\/\/www.hallmann-schneider.de\/web\/kontakt#breadcrumb\"},\"inLanguage\":\"de\",\"potentialAction\":[{\"@type\":\"ReadAction\",\"target\":[\"https:\/\/www.hallmann-schneider.de\/web\/kontakt\"]}]},{\"@type\":\"BreadcrumbList\",\"@id\":\"https:\/\/www.hallmann-schneider.de\/web\/kontakt#breadcrumb\",\"itemListElement\":[{\"@type\":\"ListItem\",\"position\":1,\"name\":\"Home\",\"item\":\"https:\/\/www.hallmann-schneider.de\/web\"},{\"@type\":\"ListItem\",\"position\":2,\"name\":\"Kontakt\"}]},{\"@type\":\"WebSite\",\"@id\":\"https:\/\/www.hallmann-schneider.de\/web\/#website\",\"url\":\"https:\/\/www.hallmann-schneider.de\/web\/\",\"name\":\"HALLMANN &amp; SCHNEIDER\",\"description\":\"FREIE ARCHITEKTEN I DIPLOM INGENIEURE I HEIDELBERG I WEINHEIM\",\"potentialAction\":[{\"@type\":\"SearchAction\",\"target\":{\"@type\":\"EntryPoint\",\"urlTemplate\":\"https:\/\/www.hallmann-schneider.de\/web\/?s={search_term_string}\"},\"query-input\":{\"@type\":\"PropertyValueSpecification\",\"valueRequired\":true,\"valueName\":\"search_term_string\"}}],\"inLanguage\":\"de\"}]}<\/script>\n<!-- \/ Yoast SEO plugin. -->","yoast_head_json":{"title":"Kontakt - HALLMANN &amp; SCHNEIDER","robots":{"index":"index","follow":"follow","max-snippet":"max-snippet:-1","max-image-preview":"max-image-preview:large","max-video-preview":"max-video-preview:-1"},"canonical":"https:\/\/www.hallmann-schneider.de\/web\/kontakt","twitter_card":"summary_large_image","twitter_title":"Kontakt - HALLMANN &amp; SCHNEIDER","twitter_description":"B\u00fcro Heidelberg Sofienstra\u00dfe 7b 69115 Heidelberg Tel. 06221\/167923 B\u00fcro Weinheim Im Wiesental 15\/2 69469 Weinheim Tel. 06201\/3899354 architekten@hallmann-schneider.de www.hallmann-schneider.de Gr\u00f6\u00dfere Kartenansicht Gr\u00f6\u00dfere Kartenansicht","schema":{"@context":"https:\/\/schema.org","@graph":[{"@type":"WebPage","@id":"https:\/\/www.hallmann-schneider.de\/web\/kontakt","url":"https:\/\/www.hallmann-schneider.de\/web\/kontakt","name":"Kontakt - HALLMANN &amp; SCHNEIDER","isPartOf":{"@id":"https:\/\/www.hallmann-schneider.de\/web\/#website"},"datePublished":"2012-04-29T20:42:51+00:00","dateModified":"2012-10-07T20:31:19+00:00","breadcrumb":{"@id":"https:\/\/www.hallmann-schneider.de\/web\/kontakt#breadcrumb"},"inLanguage":"de","potentialAction":[{"@type":"ReadAction","target":["https:\/\/www.hallmann-schneider.de\/web\/kontakt"]}]},{"@type":"BreadcrumbList","@id":"https:\/\/www.hallmann-schneider.de\/web\/kontakt#breadcrumb","itemListElement":[{"@type":"ListItem","position":1,"name":"Home","item":"https:\/\/www.hallmann-schneider.de\/web"},{"@type":"ListItem","position":2,"name":"Kontakt"}]},{"@type":"WebSite","@id":"https:\/\/www.hallmann-schneider.de\/web\/#website","url":"https:\/\/www.hallmann-schneider.de\/web\/","name":"HALLMANN &amp; SCHNEIDER","description":"FREIE ARCHITEKTEN I DIPLOM INGENIEURE I HEIDELBERG I WEINHEIM","potentialAction":[{"@type":"SearchAction","target":{"@type":"EntryPoint","urlTemplate":"https:\/\/www.hallmann-schneider.de\/web\/?s={search_term_string}"},"query-input":{"@type":"PropertyValueSpecification","valueRequired":true,"valueName":"search_term_string"}}],"inLanguage":"de"}]}},"jetpack_sharing_enabled":true,"jetpack_shortlink":"https:\/\/wp.me\/P2ogra-5p","_links":{"self":[{"href":"https:\/\/www.hallmann-schneider.de\/web\/wp-json\/wp\/v2\/pages\/335","targetHints":{"allow":["GET"]}}],"collection":[{"href":"https:\/\/www.hallmann-schneider.de\/web\/wp-json\/wp\/v2\/pages"}],"about":[{"href":"https:\/\/www.hallmann-schneider.de\/web\/wp-json\/wp\/v2\/types\/page"}],"author":[{"embeddable":true,"href":"https:\/\/www.hallmann-schneider.de\/web\/wp-json\/wp\/v2\/users\/1"}],"replies":[{"embeddable":true,"href":"https:\/\/www.hallmann-schneider.de\/web\/wp-json\/wp\/v2\/comments?post=335"}],"version-history":[{"count":10,"href":"https:\/\/www.hallmann-schneider.de\/web\/wp-json\/wp\/v2\/pages\/335\/revisions"}],"predecessor-version":[{"id":516,"href":"https:\/\/www.hallmann-schneider.de\/web\/wp-json\/wp\/v2\/pages\/335\/revisions\/516"}],"wp:attachment":[{"href":"https:\/\/www.hallmann-schneider.de\/web\/wp-json\/wp\/v2\/media?parent=335"}],"curies":[{"name":"wp","href":"https:\/\/api.w.org\/{rel}","templated":true}]}}